{"id":1114,"date":"2019-01-30T10:51:04","date_gmt":"2019-01-30T10:51:04","guid":{"rendered":"http:\/\/plataforma-autorrepresentantes.pt\/?page_id=1114"},"modified":"2019-01-30T11:04:09","modified_gmt":"2019-01-30T11:04:09","slug":"1114-2","status":"publish","type":"page","link":"https:\/\/plataforma-autorrepresentantes.pt\/?page_id=1114","title":{"rendered":"Projeto Dar Voz Braga"},"content":{"rendered":"<p style=\"font-weight: 400;\"><strong>A\u00e7\u00e3o de capacita\u00e7\u00e3o em Braga, no dia 11 de outubro<\/strong><\/p>\n<p style=\"font-weight: 400;\"><strong>No dia 11 de outubro estiveram presentes 25 participantes na 2\u00aa a\u00e7\u00e3o de capacita\u00e7\u00e3o do projeto Dar Voz!<\/strong><\/p>\n<p style=\"font-weight: 400;\">Este projeto, cofinanciado pelo INR I.P. quer informar autorrepresentantes de todos o pa\u00eds sobre direitos, participa\u00e7\u00e3o e ao mesmo tempo divulgar a Plataforma Nacional de Autorrepresentantes.<\/p>\n<p style=\"font-weight: 400;\">Fal\u00e1mos sobre a Conven\u00e7\u00e3o sobre os Direitos das Pessoas com Defici\u00eancia e apresent\u00e1mos os\u00a0 Guias \u2013 o guia de direitos e o guia para a participa\u00e7\u00e3o.<\/p>\n<p style=\"font-weight: 400;\">Recolhemos ideias e hist\u00f3rias de vida para enriquecer os guias e fal\u00e1mos sobre as que j\u00e1 l\u00e1 estavam.<\/p>\n<p style=\"font-weight: 400;\">Tamb\u00e9m discutimos sobre o que queremos para as nossas vidas.<\/p>\n<p style=\"font-weight: 400;\">No final, concord\u00e1mos que os participantes iam falar sobre estes temas na sua organiza\u00e7\u00e3o.<\/p>\n<p><img decoding=\"async\" loading=\"lazy\" id=\"longdesc-return-959\" class=\"alignnone size-medium wp-image-959\" tabindex=\"-1\" src=\"http:\/\/plataforma-autorrepresentantes.pt\/wp-content\/uploads\/2018\/11\/Logo1-300x267.jpg\" alt=\"\" width=\"300\" height=\"267\" longdesc=\"http:\/\/plataforma-autorrepresentantes.pt?longdesc=959&amp;referrer=1114\" srcset=\"https:\/\/plataforma-autorrepresentantes.pt\/wp-content\/uploads\/2018\/11\/Logo1-300x267.jpg 300w, https:\/\/plataforma-autorrepresentantes.pt\/wp-content\/uploads\/2018\/11\/Logo1.jpg 555w\" sizes=\"(max-width: 300px) 100vw, 300px\" \/><img decoding=\"async\" loading=\"lazy\" class=\"alignnone size-medium wp-image-803\" src=\"http:\/\/plataforma-autorrepresentantes.pt\/wp-content\/uploads\/2018\/06\/Logo_INR_CMYK-300x102.jpg\" alt=\"\" width=\"300\" height=\"102\" srcset=\"https:\/\/plataforma-autorrepresentantes.pt\/wp-content\/uploads\/2018\/06\/Logo_INR_CMYK-300x102.jpg 300w, https:\/\/plataforma-autorrepresentantes.pt\/wp-content\/uploads\/2018\/06\/Logo_INR_CMYK-768x260.jpg 768w, https:\/\/plataforma-autorrepresentantes.pt\/wp-content\/uploads\/2018\/06\/Logo_INR_CMYK-1024x347.jpg 1024w\" sizes=\"(max-width: 300px) 100vw, 300px\" \/><\/p>\n<p><img decoding=\"async\" loading=\"lazy\" class=\"alignnone wp-image-1118 size-medium\" src=\"http:\/\/plataforma-autorrepresentantes.pt\/wp-content\/uploads\/2019\/01\/Projeto-dar-voz-braga-300x225.jpg\" alt=\"\" width=\"300\" height=\"225\" srcset=\"https:\/\/plataforma-autorrepresentantes.pt\/wp-content\/uploads\/2019\/01\/Projeto-dar-voz-braga-300x225.jpg 300w, https:\/\/plataforma-autorrepresentantes.pt\/wp-content\/uploads\/2019\/01\/Projeto-dar-voz-braga-768x576.jpg 768w, https:\/\/plataforma-autorrepresentantes.pt\/wp-content\/uploads\/2019\/01\/Projeto-dar-voz-braga-1024x768.jpg 1024w\" sizes=\"(max-width: 300px) 100vw, 300px\" \/><\/p>\n","protected":false},"excerpt":{"rendered":"<p>A\u00e7\u00e3o de capacita\u00e7\u00e3o em Braga, no dia 11 de outubro No dia 11 de outubro estiveram presentes 25 participantes na 2\u00aa a\u00e7\u00e3o de capacita\u00e7\u00e3o do projeto Dar Voz! Este projeto, cofinanciado pelo INR I.P. quer informar autorrepresentantes de todos o pa\u00eds sobre direitos, participa\u00e7\u00e3o e ao mesmo tempo divulgar a Plataforma Nacional de Autorrepresentantes. Fal\u00e1mos [&hellip;]<\/p>\n","protected":false},"author":2,"featured_media":0,"parent":802,"menu_order":0,"comment_status":"closed","ping_status":"closed","template":"","meta":[],"_links":{"self":[{"href":"https:\/\/plataforma-autorrepresentantes.pt\/index.php?rest_route=\/wp\/v2\/pages\/1114"}],"collection":[{"href":"https:\/\/plataforma-autorrepresentantes.pt\/index.php?rest_route=\/wp\/v2\/pages"}],"about":[{"href":"https:\/\/plataforma-autorrepresentantes.pt\/index.php?rest_route=\/wp\/v2\/types\/page"}],"author":[{"embeddable":true,"href":"https:\/\/plataforma-autorrepresentantes.pt\/index.php?rest_route=\/wp\/v2\/users\/2"}],"replies":[{"embeddable":true,"href":"https:\/\/plataforma-autorrepresentantes.pt\/index.php?rest_route=%2Fwp%2Fv2%2Fcomments&post=1114"}],"version-history":[{"count":6,"href":"https:\/\/plataforma-autorrepresentantes.pt\/index.php?rest_route=\/wp\/v2\/pages\/1114\/revisions"}],"predecessor-version":[{"id":1121,"href":"https:\/\/plataforma-autorrepresentantes.pt\/index.php?rest_route=\/wp\/v2\/pages\/1114\/revisions\/1121"}],"up":[{"embeddable":true,"href":"https:\/\/plataforma-autorrepresentantes.pt\/index.php?rest_route=\/wp\/v2\/pages\/802"}],"wp:attachment":[{"href":"https:\/\/plataforma-autorrepresentantes.pt\/index.php?rest_route=%2Fwp%2Fv2%2Fmedia&parent=1114"}],"curies":[{"name":"wp","href":"https:\/\/api.w.org\/{rel}","templated":true}]}}