{"id":4,"date":"2016-03-04T10:21:15","date_gmt":"2016-03-04T10:21:15","guid":{"rendered":"http:\/\/plataforma-autorrepresentantes.pt\/?page_id=4"},"modified":"2022-03-22T14:23:43","modified_gmt":"2022-03-22T14:23:43","slug":"inicio","status":"publish","type":"page","link":"https:\/\/plataforma-autorrepresentantes.pt\/","title":{"rendered":"In\u00edcio"},"content":{"rendered":"<h1 style=\"text-align: center;\"><span style=\"font-family: tahoma, arial, helvetica, sans-serif;\">Plataforma Nacional de Autorrepresentantes<\/span><\/h1>\n<h3 style=\"text-align: center;\"><em><span style=\"font-family: 'times new roman', times, serif;\">Nada sobre n\u00f3s, sem n\u00f3s!<\/span><\/em><\/h3>\n<p style=\"text-align: center;\"><div id=\"supsystic-slider-wrapper-7_97537\" class=\"supsystic-slider-wrapper\"> <div class=\"slider-sharing-top\"><\/div> <div id=\"supsystic-slider-7_97537\" class=\"supsystic-slider supsystic-slider-bx\" data-type=\"bx\" data-settings=\"{&quot;general&quot;:{&quot;mode&quot;:&quot;horizontal&quot;,&quot;moveSlides&quot;:&quot;0&quot;,&quot;auto&quot;:&quot;enable&quot;,&quot;slideshowControls&quot;:&quot;disable&quot;,&quot;navigation&quot;:&quot;0&quot;,&quot;rows&quot;:&quot;0&quot;,&quot;captions&quot;:&quot;true&quot;,&quot;captionsByMouseover&quot;:&quot;true&quot;,&quot;speed&quot;:&quot;500&quot;,&quot;easing&quot;:&quot;linear&quot;},&quot;touch&quot;:{&quot;touchEnabled&quot;:&quot;true&quot;,&quot;oneToOne&quot;:&quot;true&quot;,&quot;swipeThreshold&quot;:&quot;55&quot;},&quot;pager&quot;:{&quot;pagerEnabled&quot;:&quot;true&quot;,&quot;pagerType&quot;:&quot;full&quot;},&quot;properties&quot;:{&quot;width&quot;:&quot;100&quot;,&quot;widthType&quot;:&quot;%&quot;,&quot;height&quot;:&quot;300&quot;,&quot;videoAutoplay&quot;:&quot;true&quot;,&quot;position&quot;:&quot;center&quot;},&quot;caption&quot;:{&quot;color&quot;:&quot;#fff&quot;,&quot;font-size&quot;:&quot;14&quot;,&quot;text-align&quot;:&quot;auto&quot;,&quot;font-family&quot;:&quot;Open Sans&quot;,&quot;font-type&quot;:&quot;standard&quot;,&quot;background-color-hex&quot;:&quot;#000&quot;,&quot;background-color&quot;:&quot;rgba(0, 0, 0, 1)&quot;,&quot;background-opacity&quot;:&quot;0.5&quot;,&quot;inTop&quot;:&quot;false&quot;},&quot;socialSharing&quot;:{&quot;status&quot;:&quot;disable&quot;,&quot;pluginInstalled&quot;:false,&quot;projectsList&quot;:[],&quot;html&quot;:&quot;&quot;},&quot;__veditor__&quot;:&quot;&quot;}\" data-thumbs=\"thumbnails-7\" style=\"visibility: hidden; direction: ltr;overflow-x: hidden;\"> <style type=\"text\/css\"> .supsystic-slider.supsystic-slider-bx .bx-viewport, .supsystic-slider.supsystic-slider-bx .bx-wrapper{ position: relative; width: 100%; height: 300px !important; top: 0; left: 0; } <\/style> <ul style=\"visibility: hidden; margin: 0 !important; height: 100%;\"> <li class=\"slide\" data-id=\"1\" style=\"background-image: url('https:\/\/plataforma-autorrepresentantes.pt\/wp-content\/uploads\/2019\/04\/56442055_1245948385554045_3704821639725187072_n.jpg'); background-repeat: no-repeat; background-position: top center; background-size: cover; height: 100% !important;\" title=\"Semin\u00e1rio de Dissemina\u00e7\u00e3o do Projeto COESI - Mudar as Organiza\u00e7\u00f5es para Promover a Inclus\u00e3o, que decorreu esta semana. Um dia de trabalho com muitas pessoas de outras organiza\u00e7\u00f5es.\" data-title=\"Semin\u00e1rio de Dissemina\u00e7\u00e3o do Projeto COESI - Mudar as Organiza\u00e7\u00f5es para Promover a Inclus\u00e3o, que decorreu esta semana. Um dia de trabalho com muitas pessoas de outras organiza\u00e7\u00f5es.\"> <\/li> <li class=\"slide\" data-id=\"2\" style=\"background-image: url('https:\/\/plataforma-autorrepresentantes.pt\/wp-content\/uploads\/2019\/07\/N\u00f3s-por-N\u00f3s-Programa.png'); background-repeat: no-repeat; background-position: top center; background-size: cover; height: 100% !important;\" title=\"No dia 17 de julho vai ter lugar em Condeixa, com o apoio da APPACDM, a terceira a\u00e7\u00e3o de sensibiliza\u00e7\u00e3o e informa\u00e7\u00e3o sobre a participa\u00e7\u00e3o na vida p\u00fablica e pol\u00edtica. Esta a\u00e7\u00e3o faz parte do projeto N\u00f3s por N\u00f3s, que tem o apoio do INR I.P\" data-title=\"No dia 17 de julho vai ter lugar em Condeixa, com o apoio da APPACDM, a terceira a\u00e7\u00e3o de sensibiliza\u00e7\u00e3o e informa\u00e7\u00e3o sobre a participa\u00e7\u00e3o na vida p\u00fablica e pol\u00edtica. Esta a\u00e7\u00e3o faz parte do projeto N\u00f3s por N\u00f3s, que tem o apoio do INR I.P\"> <a href=\"http:\/\/plataforma-autorrepresentantes.pt\/?page_id=1214\" target=\"_blank\" style=\"display: block; width: 100%; height: 300px;\"><\/a> <\/li> <li class=\"slide\" data-id=\"3\" style=\"background-image: url('https:\/\/plataforma-autorrepresentantes.pt\/wp-content\/uploads\/2019\/01\/Projeto-dar-voz-braga.jpg'); background-repeat: no-repeat; background-position: top center; background-size: cover; height: 100% !important;\" title=\"Este projeto DAR VOZ , cofinanciado pelo INR I.P quer informar autorrepresentantes de todos o pa\u00eds.\" data-title=\"Este projeto DAR VOZ , cofinanciado pelo INR I.P quer informar autorrepresentantes de todos o pa\u00eds.\"> <a href=\"http:\/\/plataforma-autorrepresentantes.pt\/?page_id=1114#longdesc-return-959\" target=\"_blank\" style=\"display: block; width: 100%; height: 300px;\"><\/a> <\/li> <li class=\"slide\" data-id=\"4\" style=\"background-image: url('https:\/\/plataforma-autorrepresentantes.pt\/wp-content\/uploads\/2018\/11\/IMG-20181024-WA0000.jpg'); background-repeat: no-repeat; background-position: top center; background-size: cover; height: 100% !important;\" title=\"A PNAR esteve no funchal para mais uma a\u00e7\u00e3o de capacita\u00e7\u00e3o do projeto DAR VOZ \" data-title=\"A PNAR esteve no funchal para mais uma a\u00e7\u00e3o de capacita\u00e7\u00e3o do projeto DAR VOZ \"> <a href=\"http:\/\/plataforma-autorrepresentantes.pt\/?page_id=939\" target=\"_blank\" style=\"display: block; width: 100%; height: 300px;\"><\/a> <\/li> <li class=\"slide\" data-id=\"5\" style=\"background-image: url('https:\/\/plataforma-autorrepresentantes.pt\/wp-content\/uploads\/2018\/11\/Logo1.jpg'); background-repeat: no-repeat; background-position: top center; background-size: cover; height: 100% !important;\" title=\"Projecto dar voz\" data-title=\"Projecto dar voz\"> <a href=\"http:\/\/plataforma-autorrepresentantes.pt\/?page_id=802\" target=\"_blank\" style=\"display: block; width: 100%; height: 300px;\"><\/a> <\/li> <li class=\"slide\" data-id=\"6\" style=\"background-image: url('https:\/\/plataforma-autorrepresentantes.pt\/wp-content\/uploads\/2017\/01\/IMG_20170118_143126-1.jpg'); background-repeat: no-repeat; background-position: top center; background-size: cover; height: 100% !important;\" title=\"\" data-title=\"\"> <\/li> <li class=\"slide\" data-id=\"7\" style=\"background-image: url('https:\/\/plataforma-autorrepresentantes.pt\/wp-content\/uploads\/2016\/09\/IMG_1689-1.jpg'); background-repeat: no-repeat; background-position: top center; background-size: cover; height: 100% !important;\" title=\"\" data-title=\"\"> <\/li> <li class=\"slide\" data-id=\"8\" style=\"background-image: url('https:\/\/plataforma-autorrepresentantes.pt\/wp-content\/uploads\/2018\/11\/IMG_20180802_111135.jpg'); background-repeat: no-repeat; background-position: top center; background-size: cover; height: 100% !important;\" title=\"O projeto COESI \u00e9 um projeto para a inclus\u00e3o social. Este question\u00e1rio serve para perceber se as organiza\u00e7\u00f5es que nos apoiam s\u00e3o inclusivas. E se nos envolvem nos assuntos que nos dizem respeito. Vamos ficar \u00e0 espera de mais coisas do projeto COESI.\" data-title=\"O projeto COESI \u00e9 um projeto para a inclus\u00e3o social. Este question\u00e1rio serve para perceber se as organiza\u00e7\u00f5es que nos apoiam s\u00e3o inclusivas. E se nos envolvem nos assuntos que nos dizem respeito. Vamos ficar \u00e0 espera de mais coisas do projeto COESI.\"> <a href=\"http:\/\/plataforma-autorrepresentantes.pt\/?page_id=954\" target=\"\" style=\"display: block; width: 100%; height: 300px;\"><\/a> <\/li> <\/ul> <\/div> <ul class=\"thumbnails-7 thumbs\" style=\"visibility: hidden; margin: 0 !important;\"> <li> <img data-index=\"0\" src=\"https:\/\/plataforma-autorrepresentantes.pt\/wp-content\/uploads\/2019\/04\/56442055_1245948385554045_3704821639725187072_n-100x100.jpg\" alt=\"56442055_1245948385554045_3704821639725187072_n\" title=\"Semin\u00e1rio de Dissemina\u00e7\u00e3o do Projeto COESI - Mudar as Organiza\u00e7\u00f5es para Promover a Inclus\u00e3o, que decorreu esta semana. Um dia de trabalho com muitas pessoas de outras organiza\u00e7\u00f5es.\" data-title=\"Semin\u00e1rio de Dissemina\u00e7\u00e3o do Projeto COESI - Mudar as Organiza\u00e7\u00f5es para Promover a Inclus\u00e3o, que decorreu esta semana. Um dia de trabalho com muitas pessoas de outras organiza\u00e7\u00f5es.\" style=\"\" \/> <\/li> <li> <img data-index=\"1\" src=\"https:\/\/plataforma-autorrepresentantes.pt\/wp-content\/uploads\/2019\/07\/N\u00f3s-por-N\u00f3s-Programa-100x100.png\" alt=\"N\u00f3s Por N\u00f3s Programa\" title=\"No dia 17 de julho vai ter lugar em Condeixa, com o apoio da APPACDM, a terceira a\u00e7\u00e3o de sensibiliza\u00e7\u00e3o e informa\u00e7\u00e3o sobre a participa\u00e7\u00e3o na vida p\u00fablica e pol\u00edtica. Esta a\u00e7\u00e3o faz parte do projeto N\u00f3s por N\u00f3s, que tem o apoio do INR I.P\" data-title=\"No dia 17 de julho vai ter lugar em Condeixa, com o apoio da APPACDM, a terceira a\u00e7\u00e3o de sensibiliza\u00e7\u00e3o e informa\u00e7\u00e3o sobre a participa\u00e7\u00e3o na vida p\u00fablica e pol\u00edtica. Esta a\u00e7\u00e3o faz parte do projeto N\u00f3s por N\u00f3s, que tem o apoio do INR I.P\" style=\"\" \/> <\/li> <li> <img data-index=\"2\" src=\"https:\/\/plataforma-autorrepresentantes.pt\/wp-content\/uploads\/2019\/01\/Projeto-dar-voz-braga-100x100.jpg\" alt=\"Este Projeto Dar Voz , Cofinanciado Pelo Inr I.p Quer Informar Autorrepresentantes De Todos O Pa\u00eds\" title=\"Este projeto DAR VOZ , cofinanciado pelo INR I.P quer informar autorrepresentantes de todos o pa\u00eds.\" data-title=\"Este projeto DAR VOZ , cofinanciado pelo INR I.P quer informar autorrepresentantes de todos o pa\u00eds.\" style=\"\" \/> <\/li> <li> <img data-index=\"3\" src=\"https:\/\/plataforma-autorrepresentantes.pt\/wp-content\/uploads\/2018\/11\/IMG-20181024-WA0000-100x100.jpg\" alt=\"Img-20181024-wa0000\" title=\"A PNAR esteve no funchal para mais uma a\u00e7\u00e3o de capacita\u00e7\u00e3o do projeto DAR VOZ \" data-title=\"A PNAR esteve no funchal para mais uma a\u00e7\u00e3o de capacita\u00e7\u00e3o do projeto DAR VOZ \" style=\"\" \/> <\/li> <li> <img data-index=\"4\" src=\"https:\/\/plataforma-autorrepresentantes.pt\/wp-content\/uploads\/2018\/11\/Logo1-100x100.jpg\" alt=\"Logo1\" title=\"Projecto dar voz\" data-title=\"Projecto dar voz\" style=\"\" \/> <\/li> <li> <img data-index=\"5\" src=\"https:\/\/plataforma-autorrepresentantes.pt\/wp-content\/uploads\/2017\/01\/IMG_20170118_143126-1-100x100.jpg\" alt=\"Img_20170118_143126 (1)\" title=\"\" data-title=\"\" style=\"\" \/> <\/li> <li> <img data-index=\"6\" src=\"https:\/\/plataforma-autorrepresentantes.pt\/wp-content\/uploads\/2016\/09\/IMG_1689-1-100x100.jpg\" alt=\"\" title=\"\" data-title=\"\" style=\"\" \/> <\/li> <li> <img data-index=\"7\" src=\"https:\/\/plataforma-autorrepresentantes.pt\/wp-content\/uploads\/2018\/11\/IMG_20180802_111135-100x100.jpg\" alt=\"Cof\" title=\"O projeto COESI \u00e9 um projeto para a inclus\u00e3o social. Este question\u00e1rio serve para perceber se as organiza\u00e7\u00f5es que nos apoiam s\u00e3o inclusivas. E se nos envolvem nos assuntos que nos dizem respeito. Vamos ficar \u00e0 espera de mais coisas do projeto COESI.\" data-title=\"O projeto COESI \u00e9 um projeto para a inclus\u00e3o social. Este question\u00e1rio serve para perceber se as organiza\u00e7\u00f5es que nos apoiam s\u00e3o inclusivas. E se nos envolvem nos assuntos que nos dizem respeito. Vamos ficar \u00e0 espera de mais coisas do projeto COESI.\" style=\"\" \/> <\/li> <\/ul> <div class=\"slider-sharing-bottom\"><\/div> <\/div><\/p>\n<p style=\"text-align: justify;\"><span style=\"font-family: tahoma, arial, helvetica, sans-serif;\">A Plataforma Nacional de Autorrepresentantes\u2014\u00a0<strong>PNAR<\/strong> &#8211; quer dar voz aos autorrepresentantes de Portugal.<\/span><\/p>\n<p style=\"text-align: justify;\"><span style=\"font-family: tahoma, arial, helvetica, sans-serif;\">Pode consultar o Regulamento da PNAR <a href=\"http:\/\/plataforma-autorrepresentantes.pt\/wp-content\/uploads\/2022\/03\/Regulamento-da-Plataforma-Nacional-de-Autorrepresentantes_2019.pdf\">aqui<\/a>.Juntos somos mais fortes<\/span><\/p>\n<p style=\"text-align: justify;\"><span style=\"font-family: tahoma, arial, helvetica, sans-serif;\">Juntos podemos ser ouvidos mais longe!<\/span><\/p>\n<p style=\"text-align: justify;\"><span style=\"font-family: tahoma, arial, helvetica, sans-serif;\">Podem fazer parte da Plataforma autorrepresentantes de todo o pa\u00eds, que podem ou n\u00e3o ser clientes de organiza\u00e7\u00f5es.<\/span><\/p>\n<p style=\"text-align: justify;\"><span style=\"font-family: tahoma, arial, helvetica, sans-serif;\">Concorreram ao Grupo Dinamizador 6 autorrepresentantes.<\/span><br \/>\n<span style=\"font-family: tahoma, arial, helvetica, sans-serif;\"> Foram eleitos 3 autorrepresentantes.<\/span><\/p>\n<p style=\"text-align: justify;\"><span style=\"font-family: tahoma, arial, helvetica, sans-serif;\">Fale connosco!<\/span><\/p>\n<p style=\"text-align: justify;\"><span style=\"font-family: tahoma, arial, helvetica, sans-serif;\">Pode enviar-nos um email para pnar@fenacerci.pt<\/span><\/p>\n<p style=\"text-align: justify;\"><span style=\"font-family: tahoma, arial, helvetica, sans-serif;\">Tamb\u00e9m nos pode seguir no twitter @PNAR_PT<\/span><br \/>\n<span style=\"font-family: tahoma, arial, helvetica, sans-serif;\"> e no facebook!<\/span><\/p>\n<p style=\"text-align: justify;\"><span style=\"font-family: tahoma, arial, helvetica, sans-serif;\">Pode ainda ligar para o 217112580 e pedir para falar\u00a0com a Sandra Marques<\/span>.<\/p>\n","protected":false},"excerpt":{"rendered":"<p>Plataforma Nacional de Autorrepresentantes Nada sobre n\u00f3s, sem n\u00f3s! A Plataforma Nacional de Autorrepresentantes\u2014\u00a0PNAR &#8211; quer dar voz aos autorrepresentantes de Portugal. Pode consultar o Regulamento da PNAR aqui.Juntos somos mais fortes Juntos podemos ser ouvidos mais longe! Podem fazer parte da Plataforma autorrepresentantes de todo o pa\u00eds, que podem ou n\u00e3o ser clientes de [&hellip;]<\/p>\n","protected":false},"author":1,"featured_media":0,"parent":0,"menu_order":0,"comment_status":"closed","ping_status":"closed","template":"","meta":[],"_links":{"self":[{"href":"https:\/\/plataforma-autorrepresentantes.pt\/index.php?rest_route=\/wp\/v2\/pages\/4"}],"collection":[{"href":"https:\/\/plataforma-autorrepresentantes.pt\/index.php?rest_route=\/wp\/v2\/pages"}],"about":[{"href":"https:\/\/plataforma-autorrepresentantes.pt\/index.php?rest_route=\/wp\/v2\/types\/page"}],"author":[{"embeddable":true,"href":"https:\/\/plataforma-autorrepresentantes.pt\/index.php?rest_route=\/wp\/v2\/users\/1"}],"replies":[{"embeddable":true,"href":"https:\/\/plataforma-autorrepresentantes.pt\/index.php?rest_route=%2Fwp%2Fv2%2Fcomments&post=4"}],"version-history":[{"count":32,"href":"https:\/\/plataforma-autorrepresentantes.pt\/index.php?rest_route=\/wp\/v2\/pages\/4\/revisions"}],"predecessor-version":[{"id":1486,"href":"https:\/\/plataforma-autorrepresentantes.pt\/index.php?rest_route=\/wp\/v2\/pages\/4\/revisions\/1486"}],"wp:attachment":[{"href":"https:\/\/plataforma-autorrepresentantes.pt\/index.php?rest_route=%2Fwp%2Fv2%2Fmedia&parent=4"}],"curies":[{"name":"wp","href":"https:\/\/api.w.org\/{rel}","templated":true}]}}