{"id":735,"date":"2018-06-08T11:27:33","date_gmt":"2018-06-08T11:27:33","guid":{"rendered":"http:\/\/plataforma-autorrepresentantes.pt\/?page_id=735"},"modified":"2018-09-13T14:14:37","modified_gmt":"2018-09-13T14:14:37","slug":"dialogo-na-diversidade","status":"publish","type":"page","link":"https:\/\/plataforma-autorrepresentantes.pt\/?page_id=735","title":{"rendered":"Di\u00e1logo na diversidade"},"content":{"rendered":"<p>Materiais formativos para a autorrepresenta\u00e7\u00e3o.<\/p>\n<p>Como formar grupos de autorrepresentantes.<\/p>\n","protected":false},"excerpt":{"rendered":"<p>Materiais formativos para a autorrepresenta\u00e7\u00e3o. Como formar grupos de autorrepresentantes.<\/p>\n","protected":false},"author":2,"featured_media":0,"parent":574,"menu_order":0,"comment_status":"closed","ping_status":"closed","template":"","meta":[],"_links":{"self":[{"href":"https:\/\/plataforma-autorrepresentantes.pt\/index.php?rest_route=\/wp\/v2\/pages\/735"}],"collection":[{"href":"https:\/\/plataforma-autorrepresentantes.pt\/index.php?rest_route=\/wp\/v2\/pages"}],"about":[{"href":"https:\/\/plataforma-autorrepresentantes.pt\/index.php?rest_route=\/wp\/v2\/types\/page"}],"author":[{"embeddable":true,"href":"https:\/\/plataforma-autorrepresentantes.pt\/index.php?rest_route=\/wp\/v2\/users\/2"}],"replies":[{"embeddable":true,"href":"https:\/\/plataforma-autorrepresentantes.pt\/index.php?rest_route=%2Fwp%2Fv2%2Fcomments&post=735"}],"version-history":[{"count":3,"href":"https:\/\/plataforma-autorrepresentantes.pt\/index.php?rest_route=\/wp\/v2\/pages\/735\/revisions"}],"predecessor-version":[{"id":844,"href":"https:\/\/plataforma-autorrepresentantes.pt\/index.php?rest_route=\/wp\/v2\/pages\/735\/revisions\/844"}],"up":[{"embeddable":true,"href":"https:\/\/plataforma-autorrepresentantes.pt\/index.php?rest_route=\/wp\/v2\/pages\/574"}],"wp:attachment":[{"href":"https:\/\/plataforma-autorrepresentantes.pt\/index.php?rest_route=%2Fwp%2Fv2%2Fmedia&parent=735"}],"curies":[{"name":"wp","href":"https:\/\/api.w.org\/{rel}","templated":true}]}}