{"id":778,"date":"2018-06-11T11:44:29","date_gmt":"2018-06-11T11:44:29","guid":{"rendered":"http:\/\/plataforma-autorrepresentantes.pt\/?page_id=778"},"modified":"2019-01-17T15:43:49","modified_gmt":"2019-01-17T15:43:49","slug":"aconteceu-madrid-16-a-23","status":"publish","type":"page","link":"https:\/\/plataforma-autorrepresentantes.pt\/?page_id=778","title":{"rendered":"Madrid 16 a 23 De maio"},"content":{"rendered":"<p>Aconteceu no dia 16 a 23 de maio uma viagem financiada pelo programa Erasmus+\u00a0 em que participaram as seguintes organiza\u00e7\u00f5es: Leiria, Nazar\u00e9 e Lisboa. Os grupos das organiza\u00e7\u00f5es de Lisboa, Nazar\u00e9 e Leiria conheceram a organiza\u00e7\u00e3o Avante 3, de Madrid.<\/p>\n<p>Foram feitas v\u00e1rias atividades com colegas do Avante 3 como andar de bicicleta e conviver.<\/p>\n<p><a href=\"http:\/\/plataforma-autorrepresentantes.pt\/wp-content\/uploads\/2018\/06\/Relat\u00f3rio-de-Madrid-16-a-23.pdf\">podem saber mais neste link:<\/a><\/p>\n","protected":false},"excerpt":{"rendered":"<p>Aconteceu no dia 16 a 23 de maio uma viagem financiada pelo programa Erasmus+\u00a0 em que participaram as seguintes organiza\u00e7\u00f5es: Leiria, Nazar\u00e9 e Lisboa. Os grupos das organiza\u00e7\u00f5es de Lisboa, Nazar\u00e9 e Leiria conheceram a organiza\u00e7\u00e3o Avante 3, de Madrid. Foram feitas v\u00e1rias atividades com colegas do Avante 3 como andar de bicicleta e conviver. [&hellip;]<\/p>\n","protected":false},"author":2,"featured_media":0,"parent":150,"menu_order":0,"comment_status":"closed","ping_status":"closed","template":"","meta":[],"_links":{"self":[{"href":"https:\/\/plataforma-autorrepresentantes.pt\/index.php?rest_route=\/wp\/v2\/pages\/778"}],"collection":[{"href":"https:\/\/plataforma-autorrepresentantes.pt\/index.php?rest_route=\/wp\/v2\/pages"}],"about":[{"href":"https:\/\/plataforma-autorrepresentantes.pt\/index.php?rest_route=\/wp\/v2\/types\/page"}],"author":[{"embeddable":true,"href":"https:\/\/plataforma-autorrepresentantes.pt\/index.php?rest_route=\/wp\/v2\/users\/2"}],"replies":[{"embeddable":true,"href":"https:\/\/plataforma-autorrepresentantes.pt\/index.php?rest_route=%2Fwp%2Fv2%2Fcomments&post=778"}],"version-history":[{"count":5,"href":"https:\/\/plataforma-autorrepresentantes.pt\/index.php?rest_route=\/wp\/v2\/pages\/778\/revisions"}],"predecessor-version":[{"id":1038,"href":"https:\/\/plataforma-autorrepresentantes.pt\/index.php?rest_route=\/wp\/v2\/pages\/778\/revisions\/1038"}],"up":[{"embeddable":true,"href":"https:\/\/plataforma-autorrepresentantes.pt\/index.php?rest_route=\/wp\/v2\/pages\/150"}],"wp:attachment":[{"href":"https:\/\/plataforma-autorrepresentantes.pt\/index.php?rest_route=%2Fwp%2Fv2%2Fmedia&parent=778"}],"curies":[{"name":"wp","href":"https:\/\/api.w.org\/{rel}","templated":true}]}}